
-21
Let j(s) = 3*s**3 - 7*s**2 + 8. Let a(v) = -4*v**3 + 8*v**2 - v - 9. Let z be (-2 + 5)/(-3) - -3. Let q(y) = z*a(y) + 3*j(y). Determine q(5).
-4
Let v be 6/(2 - -1 - 1). Suppose 0 = -w + v*s + 15, -w = -7*s + 3*s - 19. Suppose 1 = -2*c + w. Let d(r) = 8*r**2 + r - 1. Determine d(c).
8
Let j(p) = -24 - 12 + 3*p**2 + 71 - 2*p**2 - 23 + 8*p. Give j(-4).
-4
Let k(f) = -f**3 + 3*f**2 + 3*f - 2. Suppose 28*g - 23*g - 145 = 0. Let p = g - 25. Give k(p).
-6
Let a(k) be the first derivative of k**2/2 + 2*k + 93. Suppose 11 = 2*z - 3*z + 5*v, 5*z + 35 = 5*v. Calculate a(z).
-4
Let u(z) = -z**3 + 5*z**2 + 17*z - 78. Let m be u(4). Let h(p) = p**3 - 7*p**2 + 7*p - 7. Determine h(m).
-1
Let q be (1*(1 + -12))/1. Let m = q + 8. Let u(k) = -11*k**2 - 12*k - 6. Let p(l) = 4*l**2 + 4*l + 2. Let z(y) = -8*p(y) - 3*u(y). Calculate z(m).
-1
Let t(i) = -i**2 - 4*i - 1. Let q(a) = -a**3 - 10*a**2 - a + 1. Let s be q(-10). Suppose -3*w + s*w + 56 = 0. Calculate t(w).
-22
Suppose 0 = -r + q + 3, -2*r - 5*q + 8 = 2. Let k(t) = -t**3 + t**2. Let w = 0 - -3. Let g(l) = -2*l**3 + l**2 - l - 4. Let o(j) = w*k(j) - g(j). What is o(r)?
-2
Let z(q) be the first derivative of -3*q**2/2 + 10*q + 1. Let l be z(5). Let d(j) = 4*j + 4. What is d(l)?
-16
Suppose -5*o + 3 = -i, -o - 2 + 4 = 0. Let t(v) = -10*v**2 - 9*v**3 + 10*v**3 - 2*v**2 + 6*v**2 - 6*v - 4. Give t(i).
3
Let s(f) = -7 - 5 - 7 + 278*f - 137*f - 144*f. What is s(-9)?
8
Let a(i) be the third derivative of 2*i**3 - 3/8*i**4 - 7/60*i**5 + 0*i + 1/120*i**6 + 2*i**2 + 0. Give a(8).
4
Let n = 26 - 23. Suppose 4*b = -3*f - 2*f + 21, -n*b = f - 2. Let k(i) = -20*i + 1. Determine k(b).
21
Let w(h) = h**2 + 12*h. Let f(k) = -3*k**2 + 6*k + 12. Let q be f(-2). What is w(q)?
0
Let z(d) = -5*d - 8. Let m(w) = 9*w + 17. Let s(p) = -p**3 + 6*p**2 + 2*p - 5. Let h be s(6). Let a(n) = h*z(n) + 4*m(n). Determine a(-7).
5
Let y(g) be the first derivative of g**4/4 - 5*g**3/3 - 4*g - 161. Give y(5).
-4
Suppose -5*s + 47 = 6*l - 7*l, 4*s = -l + 34. Let j(h) = 0 - 2 - h**2 + 11*h + h - s*h. What is j(-3)?
-20
Let u(i) = -3*i + 1. Suppose 0 = -2*d + 115 - 45. Suppose -6*p + d = p. Calculate u(p).
-14
Let g(f) = -16*f + 29. Let a(j) = 9*j - 15. Let u(y) = -11*a(y) - 6*g(y). Calculate u(-6).
9
Let x(t) be the first derivative of -t**2 - 2*t - 537. Give x(2).
-6
Suppose 4 = -4*j, 2*l - 3*l + 5*j + 6 = 0. Let y be 0*l/2 + 5. Let b(g) be the first derivative of -g**4/4 + 2*g**3 - 2*g**2 - g - 38. Give b(y).
4
Let d(n) = 4*n**2 + 12 + 5*n - 2*n**3 - 7 + 3*n**3. What is d(-4)?
-15
Let c(o) = 1 - 899*o**3 - 9*o**2 + 898*o**3 + 4 - 8*o. Calculate c(-7).
-37
Let d = 285 - 291. Let b(v) = -11*v - 62. What is b(d)?
4
Let h(p) = p**3 + 10*p**2 + 9*p + 4. Let i be -1 - ((-2)/(-4))/((-4)/(-24)). Let s be (i - -1)*(13 + -10). What is h(s)?
4
Suppose 0*l - 3*l + 4*d = 29, -37 = 4*l - 5*d. Let n be l/(-3)*-3*-2. Let b = n + -4. Let c(g) = 2*g**2 - 3*g. Calculate c(b).
2
Let v(p) = p + 15. Let a(s) = s**2 + s - 24. Let w be a(5). Suppose -10*f + w*f = 0. Calculate v(f).
15
Let d(y) = -16*y**2 + 3*y - 11. Let v(k) = 68*k**2 - 11*k + 47. Let c(o) = 9*d(o) + 2*v(o). Determine c(1).
-8
Let k(g) = 8*g**2 - 9*g + 6. Let i(z) = 19*z**2 - 18*z + 12. Let s(r) = 2*i(r) - 5*k(r). What is s(7)?
-41
Let x(c) = c + 1. Let d(k) = -k**2 - 18*k + 54. Let b(j) = -d(j) + 3*x(j). Give b(-23).
-5
Let t be (-4)/(-3)*(-3)/2. Let x(d) be the second derivative of -d**4/6 - d**3/3 - 6*d + 7. Give x(t).
-4
Let u(a) = -37*a**2 + 3*a + 98. Let q(m) = -13*m**2 + m + 33. Let b(g) = -17*q(g) + 6*u(g). What is b(0)?
27
Let y(r) = 2*r**2 + 8*r - 2. Let d(i) = -i**2 - i - 1. Let k(s) = 3*d(s) + y(s). Let o = 8 - 4. Determine k(o).
-1
Let u(y) be the second derivative of y**5/20 + 5*y**4/12 - y**3 + y**2/2 - 5*y + 6. Let n = 37 + -43. Calculate u(n).
1
Let u = 2 + -6. Let v(d) = 6833*d - 13653*d + 6821*d + 8. What is v(u)?
4
Let g(p) = 7*p - 25. Let i(l) = -6*l + 23. Let x(u) = 5*g(u) + 6*i(u). What is x(-9)?
22
Let h be 1*3/(-3) + -3 + 8. Let a(p) = 4*p - 5. Calculate a(h).
11
Let q(t) = -t**3 - 4*t**2 - 2*t + 2. Let u(c) = c**2 + 8. Let d be u(0). Suppose -4*h + 6*h = d. Suppose h*r - 3 = -15. Give q(r).
-1
Let k(b) = b**2 + 10*b + 12. Suppose -3*z - 29 = 2*q, 3*q - 16 = 2*z + q. Let n be k(z). Let h(r) = r**2 + 2*r - 3. Give h(n).
12
Let b(u) be the first derivative of 5*u**2/2 + 1. Let d be b(-1). Let w(g) = -2*g - 7. Let t(a) = 6*a + 22. Let k(m) = -2*t(m) - 7*w(m). Give k(d).
-5
Let g(a) = -a**3 - 2*a**2 + 4*a - 2. Let d(w) = w - 3. Let j be d(0). Let h = -15 + 14. Let o = h - j. Give g(o).
-10
Let m(b) = 5*b**2 - 9*b + 9. Let u(s) = -27*s**2 + 47*s - 46. Let r(x) = -11*m(x) - 2*u(x). Calculate r(5).
-7
Let t(c) = -c**3 + c**2 + 6*c + 2. Let o(s) = 3*s**3 - 3*s**2 - 17*s - 5. Let z(q) = -3*o(q) - 8*t(q). Suppose 0 = -206*w + 204*w, 2*w + 15 = 5*j. Give z(j).
-10
Suppose 0 = -3*h - h - 52. Let y(r) = r**2 + 14*r + 19. Let n be y(h). Let u(c) = -c**3 + 5*c**2 + 6*c - 6. Calculate u(n).
-6
Suppose -1 = -4*i - r, -2 + 1 = 5*i - r. Let q be 1 - 3/(i - 1). Suppose 4*x + x = -3*f + 43, -q*f = 5*x - 49. Let j(n) = -n**2 + 4*n + 7. Give j(f).
-5
Let w(f) = 3*f - f**2 + 6*f + 3*f + 332 - 344. Give w(12).
-12
Suppose -7*m + 45 = -2*m. Suppose 0 = 4*p - 3*p + 4*d + m, -d - 3 = 0. Let n(a) = -a**2 + 5*a - p*a - 3*a - 11. Determine n(0).
-11
Let l(t) = -t**2 + 5*t + 6. Let s be l(6). Let h = -3 + 5. Let y(w) = -w - 1. Let b(z) = -5*z - 3. Let i(v) = h*b(v) - 9*y(v). Give i(s).
3
Let m = -2 + 6. Suppose 5 = u + m*u. Let a(c) = c**2 + 11*c - 11. Let s(q) = -2*q**2 - 13*q + 13. Let x(l) = -7*a(l) - 6*s(l). Calculate x(u).
5
Let g(f) = -2*f - 9 - 9*f - 3*f - f + 16*f. Determine g(8).
-1
Let g(r) = 21334 - 21337 + 3*r - 2*r. Suppose -3*c + 3*f - 36 = 0, -c = 2*f + 3*f - 18. What is g(c)?
-10
Let u(x) be the first derivative of x**4/4 - 4*x**3/3 + x**2/2 + x + 760. Let b = -16 - -23. Suppose 4*t = z - 2, -z + 2*t + 2 = b*t. Give u(z).
-5
Let i(b) = -7*b**3 + 26*b**2 + 12*b - 3. Let c(k) = 6*k**3 - 23*k**2 - 12*k + 2. Let r(u) = 6*c(u) + 5*i(u). Calculate r(9).
-30
Let o(b) = 227 + 7*b - 76 - 74 - 81 + b**2. Give o(-6).
-10
Let y = -360 + 368. Let x(t) be the first derivative of -t**3/3 + 4*t**2 + 7*t - 2. Give x(y).
7
Let f be (-77)/(-5) + (-12)/30. Suppose -3*w - f = -3*n, 4*w - 2*w = -2. Let l(u) = -u**3 + 3*u**2 + 6*u - 5. What is l(n)?
3
Let m(c) be the third derivative of c**4/6 - 5*c**3/6 - c**2. Let j = 157 - 153. Determine m(j).
11
Suppose 113*z - 114*z + 1 = 0. Let h(c) = -c. Calculate h(z).
-1
Let o(c) = 0 + 4 + 450*c**2 + 0 + 464*c**2 - 913*c**2 - 5*c. Let q(r) = -r - 14. Let b be q(-6). Let a = b - -12. Give o(a).
0
Let j be ((-20)/(-10))/(2*1). Let v be 0*(-4)/16 + j. Let d(u) = 2 + v - 3 + 3 - u**2 + 6*u. Determine d(6).
3
Let q be (-4 - (-28)/4) + 3. Let p(b) be the second derivative of b**4/12 - 5*b**3/6 - 7*b**2/2 - 9*b + 2. Determine p(q).
-1
Let z(q) be the first derivative of -4*q**2 - q - 24. Determine z(-2).
15
Let o(m) = m**2 + 2*m - 7. Suppose 53*d - 43*d + 60 = 0. Determine o(d).
17
Let a(d) = 3*d**2 + 11*d - 24295 + 24298 - 8*d - 2*d**3. What is a(3)?
-15
Let w(m) = -m**3 - 4*m**2 + 2*m. Let p be ((-56)/6)/((-2)/3). Let g = p + -18. Give w(g).
-8
Let o(x) be the third derivative of x**4/12 - x**3/6 + 2*x**2. Suppose n - 2*n = 5. Calculate o(n).
-11
Let n(m) = 0*m**3 + 8*m**2 + 0*m**3 - 4*m - 7 - m**3. Let z be -4 - 4/((-4)/9). Suppose -4*d - 3*v = -13, -2*v = -5*d + z + 40. Give n(d).
14
Let z(k) = k**2 - 4*k. Suppose 0 = 18*c - 4*c - 42. Give z(c).
-3
Let a(k) = k**3 + 4*k**2 - 5*k + 3. Let t be a(-5). Suppose 5*p + 2 + t = 0. Let d(v) = -v - 1. Let w(y) = -1. Let x(c) = d(c) - w(c). Give x(p).
1
Let y(o) = o**3 - 17*o**2 + 15*o + 7. Let b be y(16). Let d(f) be the second derivative of -f**3/2 - 3*f**2 - 3*f - 4. Give d(b).
21
Let s(m) be the first derivative of 2/3*m**3 - 7*m + 2*m**2 + 23. Determine s(-5).
23
Let d(y) = y**2 + 17*y + 78. Let l be d(-10). Let n(b) = 6 + 3*b - 3 - 2*b. Calculate n(l).
11
Let a(v) = 4*v**3 + v**2 - v. Let i(y) = -9*y**3 + 5*y**2 - 7*y. Let w(l) = 2*a(l) + i(l). Determine w(4).
12
Suppose -w + 2 = 5*b - 7, 0 = -w + 5*b - 1. Let j(r) = -r**3 + 5*r**2 + 3*r - 1. Give j(w).
27
Let n(t) = -t**2 + 1. Suppose -7*o = -16 + 23. What is n(o)?
0
L